*y = -1405. What are the prime factors of g?
2, 5, 71
Let n = -3 - -5. Let m be n/(-3*(-6)/(-369)). Let a = m - -61. List the prime factors of a.
2, 5
Let l = -5 + 5. Let c(g) = g**2 - 2*g + 5. Let i be c(l). Suppose -16 + i = -u. What are the prime factors of u?
11
Let j be 78/(-10) - (-19)/(-95). What are the prime factors of (-4)/(j/394)*(-2 - -3)?
197
Let s = -1471 + 2478. List the prime factors of s.
19, 53
Let f be ((0/(-6))/(-5))/2. Suppose f = -4*i + 153 + 231. List the prime factors of i.
2, 3
Let u(v) be the second derivative of -v**4/12 - 11*v**3/6 - 11*v**2 + 5*v. Let r(l) = l**2 + 11*l - 7. Let q be r(-11). What are the prime factors of u(q)?
2, 3
What are the prime factors of (-6 - (1 + -8))*530?
2, 5, 53
Let f be (-74)/(-26) - 14/(-91). Suppose f*v - 2*v - 2 = 0. Suppose -v*a - 41 = -k, 0 = -a + 1 - 0. What are the prime factors of k?
43
Let x(b) = 3*b**3 + 8*b**2 - 6*b - 3. Let m(a) = 16*a**3 + 39*a**2 - 31*a - 16. Let y(f) = 2*m(f) - 11*x(f). What are the prime factors of y(-11)?
2, 3, 13
Suppose -4 = u + 3*u + 2*j, u = -5*j - 1. List the prime factors of u/1*(-25 + 0 + 7).
2, 3
Let n(y) be the second derivative of -y**5/10 - y**4/2 - 3*y**3/2 + 17*y. List the prime factors of n(-5).
5, 29
Suppose 4*l - 2*t = -t + 868, -860 = -4*l - t. What are the prime factors of l?
2, 3
Let f(g) = -9*g - 11. Suppose 50 - 8 = -6*n. What are the prime factors of f(n)?
2, 13
Let x = -55 + 58. Suppose -4*y = x*l - 810, 0*l + 270 = l - 5*y. List the prime factors of l.
2, 3, 5
Let m(c) = -142*c - 30. What are the prime factors of m(-6)?
2, 3, 137
Let h = -1282 - -1947. List the prime factors of h.
5, 7, 19
Let m be (-237)/(-21) + 4/(-14). Let i = 9 - m. What are the prime factors of 10 + (-1 - 0)*i?
2, 3
Let o(w) = 2*w**3 - 3*w**2 + 2*w + 1. Let i(v) = -v**3 - 8*v**2 - 5*v + 16. Let d be i(-7). List the prime factors of o(d).
3
Let d(m) = m**2 - 5*m + 249. What are the prime factors of d(0)?
3, 83
Suppose 6*c - c - 30 = -5*y, -4*c - y + 18 = 0. Suppose -4*o - 10 = -5*q, 0*q - 13 = c*q + o. List the prime factors of (90/8)/(q/(-8)).
3, 5
Suppose 3*l + 2*t = -2*t + 13, -l + 4*t = 1. Suppose -l*r = -v - r, 0 = -3*v + r - 20. List the prime factors of -6*1*v/3.
2
Let r(m) = 9*m**2 + 2*m - 3. Suppose -4*l = k - 3, -2*k = -4*l + 12 + 6. Let s be r(l). What are the prime factors of 1 + 1 - (11 - s)?
2, 7
Suppose k + 7*c = 2*c + 30, 0 = k + 2*c - 18. Suppose 6*s + 5 = 5*r + 5*s, -s = 2*r - 2. Let f = k - r. List the prime factors of f.
3
Let t(d) = 8*d - 1. Suppose -c + 0*c - 5*m = -24, 2*c - 2*m = 0. Suppose -9*n = -5*n - c. List the prime factors of t(n).
7
Suppose 5*m - 15 = 0, -7*n + 6*n = 5*m - 857. What are the prime factors of n?
2, 421
Suppose -4*j + 34*j - 17520 = 0. What are the prime factors of j?
2, 73
Let y be (-41)/(-13) + 26/(-169). Suppose -3*m + 12 = 0, -y*s - 4*m + 84 = -m. What are the prime factors of s?
2, 3
Suppose 3*h + 47 = x, -3*x + h = -96 - 45. Let y = x - -63. Suppose 0*m = 5*m - y. List the prime factors of m.
2, 11
Suppose 5*t = 5*a, a + 3*t = -0*a + 8. Suppose b - w = -6, 4*b + 10*w + 12 = 8*w. List the prime factors of 1331/22 - a/b.
61
Let l(b) = b**3 + 11*b**2 + 7*b - 5. Let p be l(-10). Suppose -y = -5*y. Let f = y + p. What are the prime factors of f?
5
Suppose 2*w + 148 = j, -j + 44 = -w - 104. What are the prime factors of j?
2, 37
Suppose 3*g - 14 - 4 = 0. Let k(t) = 2*t**2 - 5*t - 4. Let v be k(g). Let w = 67 - v. List the prime factors of w.
29
List the prime factors of (-3 - -80)/(7/154) - -6.
2, 5, 17
Let x(l) = 19*l + 38. Let i be 1/6 - ((-20)/24 + -6). What are the prime factors of x(i)?
3, 19
Let h(z) = -7*z + 1. Let c be h(-5). Let i = c + 29. What are the prime factors of i?
5, 13
Suppose 0 = 27*d - 11961 - 8289. What are the prime factors of d?
2, 3, 5
Suppose 3*f - 2*f = 5*y - 4898, -5*f - 15 = 0. What are the prime factors of y?
11, 89
Let d be 3*4/6 + (-74 - -77). Suppose d*k - 2 = 248. What are the prime factors of k?
2, 5
Let t = -1550 + 2741. List the prime factors of t.
3, 397
Suppose -u = 2*j + 2 - 3, -4 = -2*u - 2*j. Suppose 0*t - 30 = u*t. Let r = -1 - t. What are the prime factors of r?
3
Let j = 38 + -32. Suppose 2 - j = -o. Suppose 5*m = 3*u - 28, -6*u + o*m + 26 = -3*u. List the prime factors of u.
2, 3
Let d(r) = 16*r**2 - 13*r + 7. What are the prime factors of d(5)?
2, 3, 19
Suppose -85 = -0*k - 5*k. Suppose 1 - k = -2*c. Suppose -84 = -4*l - 4*p, 0 = -5*p + 18 - c. What are the prime factors of l?
19
What are the prime factors of (-43304)/(-44) - 12/66?
2, 3, 41
Let l(p) = 160*p**2 - 27*p + 120. What are the prime factors of l(5)?
5, 797
Let m(z) = -12*z**3 + 5*z + 5. Let o be m(-2). Let j = 136 - o. What are the prime factors of j?
3, 5
Suppose 2*f + q - 290 + 81 = 0, -3*f = 3*q - 309. Let w = f + 49. Suppose -11*n + w = -6*n. List the prime factors of n.
31
Suppose -5*r + 181 - 976 = 0. Let x = r - -254. List the prime factors of x.
5, 19
Let b(o) = 7*o**2 - 22*o - 16. Let y be b(12). Suppose -2*d + y = 2*d + 4*w, 556 = 3*d - 2*w. What are the prime factors of d?
2, 23
Suppose 106*i = 104*i + 1812. What are the prime factors of i?
2, 3, 151
Let r be 4 + -2 + 1*4. Let d(v) = -2*v - 7. Let j be d(-6). Let p = r + j. What are the prime factors of p?
11
Let u(x) = 43*x - 1. Let d be u(1). Let n(h) = h**3 + h**2 + 3*h + 4. Let c be n(-2). Let k = d + c. What are the prime factors of k?
2, 3
Let f = -2069 - -3009. List the prime factors of f.
2, 5, 47
What are the prime factors of (-72)/12 + (-166)/(-2)?
7, 11
Suppose 2*z - 5*f = -6*f + 582, -3*z = 5*f - 873. List the prime factors of z.
3, 97
Let r(i) = i**3 + 6*i**2 - 8*i - 2. Let t be r(-7). Suppose -t*v = -40 + 10. Suppose 4*a = v*a - 54. List the prime factors of a.
3
Let p(o) = -o**3 - 7*o**2 - 13*o + 1. Let f be p(-4). Suppose x = f*y + 105, 4*y + 71 - 295 = -2*x. What are the prime factors of x?
2, 5, 11
Suppose -2*m = -5*y + 2*m - 63, 0 = -2*y - 4*m - 14. Let x(n) = -n**3 - 7*n**2 + n - 3*n + 3 + 4*n**2 - 8*n**2. List the prime factors of x(y).
5
Suppose 2*f - 305 = -g, -f - 2 + 7 = 0. Suppose -5*x + 0*x - g = 0. Let i = x + 86. List the prime factors of i.
3
Suppose 0 = -2*r - 2 + 8, -3*s - 5*r = -957. What are the prime factors of s?
2, 157
Let o(u) = -u**2 + 19*u + 2. Let b(d) = -1. Let p(f) = -4*b(f) + o(f). Let k be p(14). Suppose k + 212 = 6*m. What are the prime factors of m?
2, 3
What are the prime factors of ((-348)/7)/6*-7?
2, 29
Let y = 3127 + -1165. List the prime factors of y.
2, 3, 109
Let j be -2 - (-1 - (-1 + 2)). Let v(p) = -p**3 + p**2 + p + 60. List the prime factors of v(j).
2, 3, 5
Let l be (-2026)/(-5) + 21/(-105). Let w = l - 282. What are the prime factors of w?
3, 41
Suppose 20 = -k + 24, -4*i + 1480 = -2*k. What are the prime factors of i?
2, 3, 31
List the prime factors of (-37)/(-4)*(30 - -2 - 8).
2, 3, 37
Let w(n) = n**2 + 3*n - 14. Let g be w(-14). Suppose -g = -6*h - h. What are the prime factors of h?
2, 5
Let v = -70 + 138. Let p = -105 + 105. Suppose p*s + v = s. What are the prime factors of s?
2, 17
Let i(b) = b**2 - 10*b - 2. Suppose -19 = 5*u + 16. List the prime factors of i(u).
3, 13
Let d(f) = -f**3 + 40*f**2 - 24*f - 13. List the prime factors of d(16).
7, 821
Let r be (35/21)/(3/9). Suppose d = -d + r*h - 5, 5*h = -5*d + 5. Suppose s + 4*g = 10 + 26, d = -2*s - 2*g + 72. What are the prime factors of s?
2, 3
Suppose -6*v + 6 = -4*v. Let u be 636/18 + (-1)/v. Suppose 0 = -4*y - 0*y + 2*a + 30, 4*y = a + u. List the prime factors of y.
2, 5
Let p(o) = o**3 + 12*o**2 - 10*o. Let d be p(-12). Suppose 5*r - 3*r - d = 0. List the prime factors of r.
2, 3, 5
Suppose 2 = -i + n, -4*n + 5 + 3 = -2*i. What are the prime factors of 4/(-12)*i + 79?
79
Let c = 781 - -32. What are the prime factors of c?
3, 271
Suppose 17 = -g + 66. Suppose -4*r - 4 = 0, 2*v - g = -2*r + 3*r. What are the prime factors of (-124)/(-6)*v/16?
31
Let n be 98 - (32/(-28) - (-3)/21). Suppose -n = -2*j + 81. List the prime factors of j.
2, 3, 5
Let g(a) = 12*a**3 - 5*a**2 + 10*a - 13. List the prime factors of g(4).
5, 11, 13
Let b = 22 + 643. What are the prime factors of b?
5, 7, 19
Let a(t) = 3*t + 7. Let g be a(8). Suppose f - g = -0*f. Let s = f + -13. List the prime factors of s.
2, 3
Let t(q) be the third derivative